{"id":1497,"date":"2020-04-02T21:54:08","date_gmt":"2020-04-02T19:54:08","guid":{"rendered":"http:\/\/frogdiscsection.fr\/?page_id=1497"},"modified":"2020-04-02T21:54:08","modified_gmt":"2020-04-02T19:54:08","slug":"thomas","status":"publish","type":"page","link":"https:\/\/frogdiscsection.fr\/index.php\/thomas\/","title":{"rendered":"Thomas"},"content":{"rendered":"\n<div class=\"wp-block-image\"><figure class=\"aligncenter size-large\"><img decoding=\"async\" src=\"https:\/\/scontent.fcdg1-1.fna.fbcdn.net\/v\/t1.0-9\/90828785_2641412472653743_1007630307240706048_n.jpg?_nc_cat=109&amp;_nc_sid=8bfeb9&amp;_nc_ohc=YTr3Ji_GSWYAX9XuJRJ&amp;_nc_ht=scontent.fcdg1-1.fna&amp;oh=18196e8dc09d76b0d21760c8f05a6bc6&amp;oe=5EACFBCE\" alt=\"\"\/><\/figure><\/div>\n\n\n\n<p class=\"has-text-align-center\">Num\u00e9ro: 11<br>Ann\u00e9e de naissance: 1989<br>Arriv\u00e9e au club: 2017\/2018<br>D\u00e9buts \u00e0 l\u2019ultimate: 2017\/2018 #PurFrog<br> Frogs Award(s): meilleure progression (2018)<\/p>\n\n\n\n<p class=\"has-text-align-center\">Description (faite par un autre membre du club, le 29 Mars 2020):<\/p>\n\n\n<p><!--EndFragment--><br>\n<br>\n<\/p>\n\n\n<p class=\"has-text-align-center\"> Les pr\u00e9sentations continuent !!!Aujourd&rsquo;hui nous allons parler de Thomas, alias Tom. \u00c9tant nouveau dans le club je ne peux me r\u00e9f\u00e9rer qu&rsquo;\u00e0 un jugement de courte dur\u00e9e, mais je pense que cela suffira. Toujours souriant et pr\u00eat a rigoler, prenez garde \u00e0 son rire contagieux et \u00e0 ses petites blagues pendant l&rsquo;\u00e9chauffement. Joueur hors cat\u00e9gories, on ne sait pas trop comment le classer, presque assez vieux pour rentrer dans le cercle convoit\u00e9 des Masters, assez jeune pour dire qu&rsquo;il n&rsquo;y a que des vieux chez les Masters. Ce handleur aguerri fut m\u00eame capitaine de l&rsquo;\u00e9quipe 2 d&rsquo;outdoor l&rsquo;ann\u00e9e derni\u00e8re, il reste sur le terrain un atout de choix, cependant si vous lui faites une passe trop haute, prenez garde ! Faut pas d\u00e9conner sauter en hauteur pour un catch, c&rsquo;est en option, il y aura un suppl\u00e9ment. En parlant d&rsquo;option, Tom en poss\u00e8de une de tout premier choix, et oui mesdames et messieurs, LA tenue compl\u00e8te du parfait sportif D\u00e9cathlon s&rsquo;il vous pla\u00eet, Tom est toujours pr\u00eat \u00e0 porter la meilleure tenue pour le meilleur des sports ! Il emm\u00e8ne toujours avec lui une trousse de pharmacie, au cas ou quelqu&rsquo;un aurait la mauvaise id\u00e9e de sauter ou de plonger pour faire un catch. Finalement,Tom est un joueur agr\u00e9able, qui a su mettre un point d&rsquo;honneur au plaisir du jeu, mais aussi \u00e0 celui d&rsquo;une petit bi\u00e8re apr\u00e8s un rude entra\u00eenement !<br><br>Pablo <\/p>\n","protected":false},"excerpt":{"rendered":"<p>Num\u00e9ro: 11Ann\u00e9e de naissance: 1989Arriv\u00e9e au club: 2017\/2018D\u00e9buts \u00e0 l\u2019ultimate: 2017\/2018 #PurFrog Frogs Award(s): meilleure progression (2018) Description (faite par un autre membre du club, le 29 Mars 2020): Les pr\u00e9sentations continuent !!!Aujourd&rsquo;hui nous allons parler de Thomas, alias Tom. \u00c9tant nouveau dans le club je ne peux me r\u00e9f\u00e9rer qu&rsquo;\u00e0 un jugement de courte &hellip; <a href=\"https:\/\/frogdiscsection.fr\/index.php\/thomas\/\" class=\"more-link\">Continuer la lecture<span class=\"screen-reader-text\"> de &laquo;&nbsp;Thomas&nbsp;&raquo;<\/span><\/a><\/p>\n","protected":false},"author":1,"featured_media":0,"parent":0,"menu_order":0,"comment_status":"closed","ping_status":"closed","template":"","meta":{"footnotes":""},"class_list":["post-1497","page","type-page","status-publish","hentry"],"_links":{"self":[{"href":"https:\/\/frogdiscsection.fr\/index.php\/wp-json\/wp\/v2\/pages\/1497","targetHints":{"allow":["GET"]}}],"collection":[{"href":"https:\/\/frogdiscsection.fr\/index.php\/wp-json\/wp\/v2\/pages"}],"about":[{"href":"https:\/\/frogdiscsection.fr\/index.php\/wp-json\/wp\/v2\/types\/page"}],"author":[{"embeddable":true,"href":"https:\/\/frogdiscsection.fr\/index.php\/wp-json\/wp\/v2\/users\/1"}],"replies":[{"embeddable":true,"href":"https:\/\/frogdiscsection.fr\/index.php\/wp-json\/wp\/v2\/comments?post=1497"}],"version-history":[{"count":1,"href":"https:\/\/frogdiscsection.fr\/index.php\/wp-json\/wp\/v2\/pages\/1497\/revisions"}],"predecessor-version":[{"id":1498,"href":"https:\/\/frogdiscsection.fr\/index.php\/wp-json\/wp\/v2\/pages\/1497\/revisions\/1498"}],"wp:attachment":[{"href":"https:\/\/frogdiscsection.fr\/index.php\/wp-json\/wp\/v2\/media?parent=1497"}],"curies":[{"name":"wp","href":"https:\/\/api.w.org\/{rel}","templated":true}]}}